est common factor of 170 and 15.
5
What is the greatest common divisor of 127 and 508?
127
Calculate the greatest common divisor of 472 and 826.
118
What is the greatest common divisor of 156 and 234?
78
Calculate the greatest common factor of 1374 and 18.
6
What is the greatest common divisor of 126 and 45?
9
What is the highest common divisor of 16 and 52?
4
Calculate the greatest common factor of 2590 and 14.
14
Calculate the greatest common divisor of 3317 and 93.
31
Calculate the greatest common factor of 243 and 58563.
243
Calculate the highest common divisor of 1888 and 16.
16
Calculate the highest common divisor of 5848 and 136.
136
What is the greatest common factor of 8854 and 76?
38
What is the highest common factor of 295 and 826?
59
What is the greatest common factor of 54 and 54?
54
What is the highest common divisor of 56 and 12026?
14
What is the greatest common divisor of 345 and 483?
69
Calculate the greatest common factor of 592 and 32.
16
What is the highest common divisor of 46 and 101798?
46
Calculate the highest common divisor of 2413 and 19.
19
What is the highest common divisor of 47042 and 129?
43
Calculate the greatest common divisor of 100 and 58550.
50
What is the greatest common divisor of 200 and 75?
25
What is the greatest common divisor of 300 and 864?
12
Calculate the greatest common factor of 129 and 1892.
43
Calculate the highest common divisor of 152 and 532.
76
What is the highest common divisor of 45 and 2286?
9
What is the highest common factor of 4256 and 672?
224
What is the greatest common divisor of 174 and 52664?
58
What is the highest common divisor of 52 and 39?
13
What is the highest common divisor of 237 and 1027?
79
What is the greatest common divisor of 12 and 2316?
12
What is the highest common divisor of 1507 and 22?
11
Calculate the highest common factor of 32 and 256.
32
Calculate the greatest common factor of 81 and 252.
9
What is the highest common divisor of 897 and 207?
69
Calculate the highest common factor of 819 and 1953.
63
What is the highest common divisor of 44 and 473?
11
Calculate the highest common divisor of 391 and 276.
23
Calculate the highest common factor of 221 and 52.
13
Calculate the highest common factor of 186 and 50313.
93
What is the highest common divisor of 68 and 68?
68
What is the greatest common factor of 86 and 3827?
43
What is the greatest common factor of 1102 and 38?
38
What is the highest common factor of 7 and 210?
7
What is the greatest common factor of 2538 and 36?
18
Calculate the highest common factor of 58 and 8.
2
What is the greatest common factor of 3 and 9?
3
What is the highest common factor of 7832 and 616?
88
Calculate the highest common factor of 164 and 41.
41
Calculate the highest common factor of 50 and 4.
2
What is the highest common factor of 166 and 830?
166
Calculate the greatest common divisor of 450 and 600.
150
What is the greatest common divisor of 6 and 4?
2
Calculate the highest common factor of 30 and 66.
6
Calculate the greatest common factor of 54 and 2.
2
What is the highest common factor of 24 and 11436?
12
What is the highest common divisor of 777 and 1258?
37
Calculate the highest common factor of 9671 and 19.
19
Calculate the highest common factor of 17 and 102.
17
What is the greatest common divisor of 36 and 3204?
36
What is the highest common factor of 533 and 123?
41
Calculate the greatest common divisor of 20 and 1185.
5
Calculate the greatest common divisor of 1824 and 57.
57
What is the greatest common divisor of 114 and 7258?
38
What is the greatest common factor of 364 and 884?
52
What is the highest common divisor of 22 and 8822?
22
Calculate the greatest common factor of 10470 and 30.
30
Calculate the greatest common divisor of 6192 and 72.
72
What is the greatest common factor of 30 and 5295?
15
Calculate the highest common divisor of 226 and 14464.
226
What is the highest common divisor of 956 and 8?
4
Calculate the greatest common divisor of 510 and 2890.
170
What is the highest common divisor of 7524 and 66?
66
Calculate the greatest common factor of 47 and 2867.
47
Calculate the greatest common divisor of 6211 and 1.
1
Calculate the highest common factor of 400 and 1500.
100
Calculate the highest common divisor of 37465 and 295.
295
Calculate the greatest common divisor of 10 and 995.
5
Calculate the greatest common factor of 72 and 360.
72
Calculate the greatest common divisor of 9 and 7839.
9
What is the highest common divisor of 60 and 260?
20
Calculate the highest common divisor of 2414 and 710.
142
What is the highest common factor of 108 and 2952?
36
Calculate the greatest common divisor of 33 and 187.
11
What is the greatest common factor of 7 and 469?
7
Calculate the highest common factor of 9 and 18.
9
Calculate the greatest common factor of 21 and 3861.
3
What is the highest common divisor of 155 and 25?
5
Calculate the greatest common divisor of 22 and 154.
22
What is the greatest common factor of 531 and 9?
9
What is the greatest common divisor of 124 and 186?
62
Calculate the highest common divisor of 288 and 18.
18
What is the highest common divisor of 894 and 6?
6
Calculate the greatest common divisor of 870 and 58.
58
Calculate the greatest common factor of 1312 and 26568.
328
Calculate the greatest common factor of 84 and 273.
21
What is the highest common divisor of 693 and 14?
7
Calculate the greatest common divisor of 117 and 1989.
117
Calculate the greatest common factor of 29632 and 32.
32
Calculate the highest common factor of 1413 and 9.
9
Calculate the highest common factor of 623 and 89.
89
Calculate the highest common factor of 33 and 869.
11
What is the highest common factor of 2048 and 496?
16
What is the highest common factor of 46 and 2254?
46
Calculate the greatest common divisor of 44112 and 24.
24
Calculate the highest common factor of 48 and 72.
24
What is the greatest common factor of 11 and 5104?
11
Calculate the highest common factor of 25 and 765.
5
Calculate the highest common factor of 171 and 152.
19
Calculate the highest common factor of 1310 and 10.
10
Calculate the greatest common factor of 437 and 19.
19
Calculate the greatest common divisor of 48 and 36.
12
Calculate the highest common divisor of 12 and 4548.
12
What is the greatest common factor of 6 and 12666?
6
Calculate the highest common factor of 36 and 252.
36
What is the greatest common factor of 152 and 20?
4
What is the greatest common factor of 374 and 34?
34
Calculate the highest common divisor of 4 and 964.
4
Calculate the greatest common factor of 113 and 32996.
113
What is the greatest common divisor of 527 and 85?
17
Calculate the highest common divisor of 1169 and 35.
7
Calculate the greatest common factor of 351 and 9.
9
Calculate the greatest common divisor of 66 and 407.
11
What is the highest common divisor of 72 and 40?
8
What is the greatest common divisor of 21 and 8183?
7
What is the highest common divisor of 7 and 1211?
7
What is the highest common factor of 4246 and 550?
22
Calculate the highest common divisor of 3 and 123.
3
What is the greatest common divisor of 64 and 2048?
64
What is the highest common factor of 2 and 1484?
2
What is the greatest common factor of 21 and 3297?
21
What is the highest common factor of 1100 and 100?
100
Calculate the greatest common factor of 140 and 364.
28
What is the greatest common factor of 880 and 160?
80
Calculate the highest common factor of 13 and 598.
13
Calculate the highest common factor of 9713 and 11.
11
Calculate the highest common factor of 84 and 6356.
28
Calculate the highest common factor of 861 and 164.
41
What is the greatest common factor of 280 and 210?
70
What is the greatest common divisor of 98 and 266?
14
Calculate the highest common divisor of 27 and 54.
27
What is the highest common factor of 1107 and 41?
41
What is the greatest common factor of 52 and 13312?
52
What is the highest common factor of 6 and 33?
3
What is the greatest common divisor of 252 and 7?
7
What is the greatest common divisor of 627 and 1197?
57
Calculate the highest common factor of 52 and 234.
26
Calculate the greatest common factor of 444 and 77478.
222
What is the greatest common factor of 1539 and 81?
81
What is the highest common factor o